{"id":2562,"date":"2023-04-30T19:39:36","date_gmt":"2023-04-30T19:39:36","guid":{"rendered":"https:\/\/bassa-mar.org\/?page_id=2562"},"modified":"2023-04-30T19:59:26","modified_gmt":"2023-04-30T19:59:26","slug":"support","status":"publish","type":"page","link":"https:\/\/bassa-mar.org\/es\/support\/","title":{"rendered":"Apoyar"},"content":{"rendered":"<figure class=\"wp-block-embed is-type-video is-provider-youtube wp-block-embed-youtube wp-embed-aspect-16-9 wp-has-aspect-ratio\"><div class=\"wp-block-embed__wrapper\">\n<div class=\"nv-iframe-embed\"><iframe loading=\"lazy\" title=\"Crowdfunding video - Eng &amp; Cast subtitles\" width=\"1200\" height=\"675\" src=\"https:\/\/www.youtube.com\/embed\/G0FQAJzjz1M?feature=oembed\" frameborder=\"0\" allow=\"accelerometer; autoplay; clipboard-write; encrypted-media; gyroscope; picture-in-picture; web-share\" allowfullscreen><\/iframe><\/div>\n<\/div><\/figure>\n\n\n\n<div style=\"height:20px\" aria-hidden=\"true\" class=\"wp-block-spacer\"><\/div>\n\n\n\n<p>La Bassa Mar es un proyecto autogestionado por y para nosotres: personas trans*, inter, nobinaries y queer, centrado en aquellas afectadas por el racismo. El objetivo es crear un espacio donde intercambiar estrategias de supervivencia y lucha, as\u00ed como crecer y prosperar tanto colectiva como individualmente.\nCreemos que el acceso a un espacio donde poder bajar el ritmo, lejos de la ciudad, es importante para regenerarse, repensarse, crecer, conectar entre nosotres, y encontrar nuevas maneras de seguir adelante. El acceso a la tierra, el mar, el espacio y el tiempo para descansar es especialmente complicado para quienes se ven afectades por discriminaciones interseccionales y limitaciones econ\u00f3micas.<\/p>\n\n\n\n<p>La Bassa Mar tiene inter\u00e9s en alojar grupos y eventos que aborden una gran variedad de temas, incluyendo (pero no limitados a) antirracismo y descolonizaci\u00f3n, abolici\u00f3n de las prisiones, transfeminismo, salud y bienestar, trabajo sexual, sexo y sexualidad, jardiner\u00eda sostenible y permacultura, programas dirigidos para j\u00f3venes, arte y educaci\u00f3n. Damos prioridad al hospedaje de colectivos y grupos, pero tambi\u00e9n estamos encantades de recibir a visitantes individuales.\nTenemos la incre\u00edble oportunidad de utilizar el espacio durante al menos los pr\u00f3ximos 15 a\u00f1os, con la posibilidad de continuar.\nLa casa tiene una capacidad m\u00e1xima de 25 personas y est\u00e1 rodeada por 1 hect\u00e1rea y media de olivos centenarios. Hay personas viviendo en la propiedad de La Bassa Mar para darles la bienvenida, ayudarles atendiendo a sus preguntas y necesidades y guiarles por el espacio.<\/p>\n\n\n\n<h2 class=\"wp-block-heading\">Necesitamos tu apoyo financiero para:<\/h2>\n\n\n\n<ul class=\"wp-block-list\">\n<li>pagar las facturas de electricidad<\/li>\n\n\n\n<li>terminar de renovar el interior<\/li>\n\n\n\n<li>hacer la planta baja accesible en silla de ruedas; para ello hay que reformar cocina, aseos y construir rampas<\/li>\n\n\n\n<li>construir una cocina exterior para grupos m\u00e1s grandes<\/li>\n\n\n\n<li>pintar, amueblar y arreglar el espacio<\/li>\n\n\n\n<li>comprar material para construir espacios exteriores cubiertos para talleres<\/li>\n\n\n\n<li>renovar el suelo que fue tratado con herbicidas durante m\u00e1s de treinta a\u00f1os<\/li>\n\n\n\n<li>construir un estanque para que animales e insectos puedan beber agua<\/li>\n\n\n\n<li>construir un espacio para bicicletas<\/li>\n\n\n\n<li>renovar el sistema el\u00e9ctrico de la casa<\/li>\n<\/ul>\n\n\n\n<p>Iniciamos este proyecto utilizando pr\u00e9stamos privados, pero no ha sido ni es suficiente para cubrir todo lo que el espacio requiere. Con tu apoyo podremos conseguir que La Bassa Mar funcione y sea m\u00e1s accesible, y ofrecer el tipo espacio para seminarios y retiros que nuestras comunidades necesitan.<\/p>\n\n\n\n<h2 class=\"wp-block-heading\">Donaciones materiales<\/h2>\n\n\n\n<p>Adem\u00e1s de dinero para mantener el espacio abierto, tambi\u00e9n estamos encantades de recibir donaciones materiales. Buscamos especialmente:<\/p>\n\n\n\n<ul class=\"wp-block-list\">\n<li>Una tienda grande (para poder ofrecer un espacio de taller en el exterior, que resista el viento y sea f\u00e1cil de (des)armar)<\/li>\n\n\n\n<li>Caravanas o en general casas m\u00f3viles para ofrecer m\u00e1s alojamiento<\/li>\n\n\n\n<li>Alfombrillas y esterillas de tipo puzzle (son necesarias para muchos tipos de talleres)<\/li>\n\n\n\n<li>Peque\u00f1as tiendas de campa\u00f1a. Tambi\u00e9n sacos de dormir que son \u00fatiles en todas las estaciones (para acoger a m\u00e1s gente, especialmente en verano)<\/li>\n\n\n\n<li>Un proyector y una pantalla (para que los grupos puedan trabajar en proyectos en curso y proyectar pel\u00edculas)<\/li>\n\n\n\n<li>Naranjo, Salvia, Laurel, Rosas, Uva, Menta, Almendro (debido a la temperatura seca buscamos plantas y \u00e1rboles que se adapten)<\/li>\n\n\n\n<li>Biofertilizantes (para que este espacio sea lo m\u00e1s verde posible)<\/li>\n\n\n\n<li>Libros en diferentes idiomas de escritoras racializades o relevantes para nuestras comunidades<\/li>\n\n\n\n<li>Materiales para pintar y dibujar<\/li>\n\n\n\n<li>Tenis de mesa y su equipamiento<\/li>\n\n\n\n<li>Aspiradora<\/li>\n<\/ul>\n\n\n\n<p>Si puedes donar alguno de estos art\u00edculos, <a href=\"https:\/\/bassa-mar.org\/es\/contact\/\" data-type=\"page\" data-id=\"75\">ponte en contacto con nosotres<\/a>! <\/p>\n\n\n\n<div class=\"wp-block-cover alignfull\" style=\"min-height:300px;aspect-ratio:unset;\"><span aria-hidden=\"true\" class=\"wp-block-cover__background has-nv-dark-bg-background-color has-background-dim-100 has-background-dim\"><\/span><div class=\"wp-block-cover__inner-container is-layout-flow wp-block-cover-is-layout-flow\">\n<h2 class=\"wp-block-heading has-text-align-center has-nv-text-dark-bg-color has-text-color\">Contacta con nosotres<\/h2>\n\n\n\n<p class=\"has-text-align-center\">Si est\u00e1s interesade en utilizar nuestro espacio o programar algo en colaboraci\u00f3n con nosotres, env\u00edanos un mensaje a <a href=\"mailto:info@bassa-mar.org\">info@bassa-mar.org<\/a> o llena el formulario en el siguiente link<\/p>\n\n\n\n<div class=\"wp-block-buttons is-horizontal is-content-justification-center is-layout-flex wp-container-core-buttons-is-layout-499968f5 wp-block-buttons-is-layout-flex\">\n<div class=\"wp-block-button is-style-primary\"><a class=\"wp-block-button__link has-neve-link-color-background-color has-background wp-element-button\" href=\"https:\/\/bassa-mar.org\/es\/contact\/\">CONTACTO<\/a><\/div>\n<\/div>\n<\/div><\/div>","protected":false},"excerpt":{"rendered":"<p>La Bassa Mar is a self-organized project for and by us: trans*, inter, non-binary queer people, centering those impacted by racism. The aim is to create a space to share survival and resistance strategies, and to grow and thrive collectively and individually. We believe that access to a space where we can slow down, outside&hellip;&nbsp;<a href=\"https:\/\/bassa-mar.org\/es\/support\/\" rel=\"bookmark\">Leer m\u00e1s &raquo;<span class=\"screen-reader-text\">Apoyar<\/span><\/a><\/p>","protected":false},"author":1,"featured_media":0,"parent":0,"menu_order":0,"comment_status":"closed","ping_status":"closed","template":"","meta":{"neve_meta_sidebar":"","neve_meta_container":"","neve_meta_enable_content_width":"","neve_meta_content_width":0,"neve_meta_title_alignment":"","neve_meta_author_avatar":"","neve_post_elements_order":"","neve_meta_disable_header":"","neve_meta_disable_footer":"","neve_meta_disable_title":"","footnotes":""},"class_list":["post-2562","page","type-page","status-publish","hentry"],"_links":{"self":[{"href":"https:\/\/bassa-mar.org\/es\/wp-json\/wp\/v2\/pages\/2562","targetHints":{"allow":["GET"]}}],"collection":[{"href":"https:\/\/bassa-mar.org\/es\/wp-json\/wp\/v2\/pages"}],"about":[{"href":"https:\/\/bassa-mar.org\/es\/wp-json\/wp\/v2\/types\/page"}],"author":[{"embeddable":true,"href":"https:\/\/bassa-mar.org\/es\/wp-json\/wp\/v2\/users\/1"}],"replies":[{"embeddable":true,"href":"https:\/\/bassa-mar.org\/es\/wp-json\/wp\/v2\/comments?post=2562"}],"version-history":[{"count":5,"href":"https:\/\/bassa-mar.org\/es\/wp-json\/wp\/v2\/pages\/2562\/revisions"}],"predecessor-version":[{"id":2570,"href":"https:\/\/bassa-mar.org\/es\/wp-json\/wp\/v2\/pages\/2562\/revisions\/2570"}],"wp:attachment":[{"href":"https:\/\/bassa-mar.org\/es\/wp-json\/wp\/v2\/media?parent=2562"}],"curies":[{"name":"wp","href":"https:\/\/api.w.org\/{rel}","templated":true}]}}

<figure class="wp-block-embed is-type-video is-provider-youtube wp-block-embed-youtube wp-embed-aspect-16-9 wp-has-aspect-ratio"><div class="wp-block-embed__wrapper">
<div class="nv-iframe-embed"><iframe loading="lazy" title="Crowdfunding video - Eng &amp; Cast subtitles" width="1200" height="675" src="https://www.youtube.com/embed/G0FQAJzjz1M?feature=oembed" frameborder="0" allow="accelerometer; autoplay; clipboard-write; encrypted-media; gyroscope; picture-in-picture; web-share" allowfullscreen></iframe></div>
</div></figure>



<div style="height:20px" aria-hidden="true" class="wp-block-spacer"></div>



<p>La Bassa Mar es un proyecto autogestionado por y para nosotres: personas trans*, inter, nobinaries y queer, centrado en aquellas afectadas por el racismo. El objetivo es crear un espacio donde intercambiar estrategias de supervivencia y lucha, así como crecer y prosperar tanto colectiva como individualmente.
Creemos que el acceso a un espacio donde poder bajar el ritmo, lejos de la ciudad, es importante para regenerarse, repensarse, crecer, conectar entre nosotres, y encontrar nuevas maneras de seguir adelante. El acceso a la tierra, el mar, el espacio y el tiempo para descansar es especialmente complicado para quienes se ven afectades por discriminaciones interseccionales y limitaciones económicas.</p>



<p>La Bassa Mar tiene interés en alojar grupos y eventos que aborden una gran variedad de temas, incluyendo (pero no limitados a) antirracismo y descolonización, abolición de las prisiones, transfeminismo, salud y bienestar, trabajo sexual, sexo y sexualidad, jardinería sostenible y permacultura, programas dirigidos para jóvenes, arte y educación. Damos prioridad al hospedaje de colectivos y grupos, pero también estamos encantades de recibir a visitantes individuales.
Tenemos la increíble oportunidad de utilizar el espacio durante al menos los próximos 15 años, con la posibilidad de continuar.
La casa tiene una capacidad máxima de 25 personas y está rodeada por 1 hectárea y media de olivos centenarios. Hay personas viviendo en la propiedad de La Bassa Mar para darles la bienvenida, ayudarles atendiendo a sus preguntas y necesidades y guiarles por el espacio.</p>



<h2 class="wp-block-heading">Necesitamos tu apoyo financiero para:</h2>



<ul class="wp-block-list">
<li>pagar las facturas de electricidad</li>



<li>terminar de renovar el interior</li>



<li>hacer la planta baja accesible en silla de ruedas; para ello hay que reformar cocina, aseos y construir rampas</li>



<li>construir una cocina exterior para grupos más grandes</li>



<li>pintar, amueblar y arreglar el espacio</li>



<li>comprar material para construir espacios exteriores cubiertos para talleres</li>



<li>renovar el suelo que fue tratado con herbicidas durante más de treinta años</li>



<li>construir un estanque para que animales e insectos puedan beber agua</li>



<li>construir un espacio para bicicletas</li>



<li>renovar el sistema eléctrico de la casa</li>
</ul>



<p>Iniciamos este proyecto utilizando préstamos privados, pero no ha sido ni es suficiente para cubrir todo lo que el espacio requiere. Con tu apoyo podremos conseguir que La Bassa Mar funcione y sea más accesible, y ofrecer el tipo espacio para seminarios y retiros que nuestras comunidades necesitan.</p>



<h2 class="wp-block-heading">Donaciones materiales</h2>



<p>Además de dinero para mantener el espacio abierto, también estamos encantades de recibir donaciones materiales. Buscamos especialmente:</p>



<ul class="wp-block-list">
<li>Una tienda grande (para poder ofrecer un espacio de taller en el exterior, que resista el viento y sea fácil de (des)armar)</li>



<li>Caravanas o en general casas móviles para ofrecer más alojamiento</li>



<li>Alfombrillas y esterillas de tipo puzzle (son necesarias para muchos tipos de talleres)</li>



<li>Pequeñas tiendas de campaña. También sacos de dormir que son útiles en todas las estaciones (para acoger a más gente, especialmente en verano)</li>



<li>Un proyector y una pantalla (para que los grupos puedan trabajar en proyectos en curso y proyectar películas)</li>



<li>Naranjo, Salvia, Laurel, Rosas, Uva, Menta, Almendro (debido a la temperatura seca buscamos plantas y árboles que se adapten)</li>



<li>Biofertilizantes (para que este espacio sea lo más verde posible)</li>



<li>Libros en diferentes idiomas de escritoras racializades o relevantes para nuestras comunidades</li>



<li>Materiales para pintar y dibujar</li>



<li>Tenis de mesa y su equipamiento</li>



<li>Aspiradora</li>
</ul>



<p>Si puedes donar alguno de estos artículos, <a href="https://bassa-mar.org/es/contact/" data-type="page" data-id="75">ponte en contacto con nosotres</a>! </p>



<div class="wp-block-cover alignfull" style="min-height:300px;aspect-ratio:unset;"><span aria-hidden="true" class="wp-block-cover__background has-nv-dark-bg-background-color has-background-dim-100 has-background-dim"></span><div class="wp-block-cover__inner-container is-layout-flow wp-block-cover-is-layout-flow">
<h2 class="wp-block-heading has-text-align-center has-nv-text-dark-bg-color has-text-color">Contacta con nosotres</h2>



<p class="has-text-align-center">Si estás interesade en utilizar nuestro espacio o programar algo en colaboración con nosotres, envíanos un mensaje a <a href="mailto:info@bassa-mar.org">info@bassa-mar.org</a> o llena el formulario en el siguiente link</p>



<div class="wp-block-buttons is-horizontal is-content-justification-center is-layout-flex wp-container-core-buttons-is-layout-499968f5 wp-block-buttons-is-layout-flex">
<div class="wp-block-button is-style-primary"><a class="wp-block-button__link has-neve-link-color-background-color has-background wp-element-button" href="https://bassa-mar.org/es/contact/">CONTACTO</a></div>
</div>
</div></div>

<p>La Bassa Mar is a self-organized project for and by us: trans*, inter, non-binary queer people, centering those impacted by racism. The aim is to create a space to share survival and resistance strategies, and to grow and thrive collectively and individually. We believe that access to a space where we can slow down, outside&hellip;&nbsp;<a href="https://bassa-mar.org/es/support/" rel="bookmark">Leer más &raquo;<span class="screen-reader-text">Apoyar</span></a></p>
